-14
Let y(k) = -k**3 + 365*k**2 - 3892*k - 410. Give y(354).
298
Let y(o) = -151*o + 2253. Determine y(15).
-12
Let j(g) = -15*g**3 - 37*g**2 - 23*g - 9. What is j(-2)?
9
Let r(c) = -394*c - 2748. Determine r(-3).
-1566
Let o(z) = -z**3 - 22*z**2 - 512*z - 3552. Calculate o(-9).
3
Let s(l) = 44428*l - 133275. Give s(3).
9
Let a(z) = 39*z**2 + 574*z - 212. Give a(-15).
-47
Let r(g) = g**3 - 104*g**2 + 2028*g + 26. What is r(78)?
26
Let d(x) = 2*x**2 + 488*x - 13966. Give d(26).
74
Let r(v) = 512*v - 59221. Calculate r(116).
171
Let p(j) = 68899*j + 2066991. Give p(-30).
21
Let n(j) = 1824*j + 131322. Calculate n(-72).
-6
Let j(f) = 7*f**2 + 174*f - 755. Give j(-32).
845
Let i(y) = -2*y**3 + 45*y**2 + 962*y - 843. What is i(-14)?
-3
Let s(f) = f**3 - 4*f**2 + 87*f - 1097. What is s(9)?
91
Let h(w) = w**2 - 135*w - 6612. Determine h(-39).
174
Let r(g) = -37244*g + 9199260. Give r(247).
-8
Let h(g) = -4236*g + 148236. Determine h(35).
-24
Let n(c) = 21357*c - 128068. What is n(6)?
74
Let g(k) = -2*k**3 + 284*k**2 - 1075*k - 4303. Calculate g(138).
-301
Let f(u) = 12350*u + 3235727. Calculate f(-262).
27
Let g(j) = 2*j**3 - 40*j**2 - 173*j + 4964. Calculate g(16).
148
Let g(y) = -81170*y + 4951397. Determine g(61).
27
Let h(o) = 118*o - 1021. Give h(-11).
-2319
Let v(a) = 2810*a - 139613. Determine v(50).
887
Let x(j) = 1062*j**2 - 4376*j + 511. Give x(4).
-1
Let v(s) = -476863*s + 5722332. Calculate v(12).
-24
Let m(p) = 90*p - 2882. Give m(-22).
-4862
Let f(v) = -28*v**2 - 409*v + 22. Give f(-12).
898
Let q(m) = 5*m**3 - 200*m**2 - 14*m + 321. What is q(40)?
-239
Let h(k) = -2465*k**2 - 179946*k - 165. Determine h(-73).
-92
Let o(j) = 404*j + 22113. Give o(-56).
-511
Let n(i) = -35*i**2 + 222*i - 202. Determine n(5).
33
Let q(j) = -3635*j - 4881806. Give q(-1343).
-1
Let b(q) = -q**3 + 44*q**2 + 143*q - 1692. Calculate b(47).
-1598
Let l(q) = 56*q**2 - 529*q + 12. What is l(0)?
12
Let k(h) = -423*h**2 + h + 1481. Give k(0).
1481
Let l(f) = 16*f**2 - 251*f - 2897. What is l(-11)?
1800
Let o(p) = -5*p**3 + 1600*p**2 - 3278*p + 31158. Calculate o(318).
-6
Let a(b) = 6*b**3 - 167*b**2 + 499*b - 11. Give a(3).
145
Let o(h) = 12167*h + 72909. What is o(-6)?
-93
Let g(z) = z**3 + 234*z**2 - 9122*z - 2295. Calculate g(-268).
385
Let o(n) = -48011*n + 48010. Determine o(1).
-1
Let a(s) = -6424*s + 1258. Calculate a(1).
-5166
Let j(w) = 855*w**2 - 7701*w + 3. Determine j(9).
-51
Let y(v) = -626*v + 630. Determine y(2).
-622
Let x(c) = c**3 - 420*c**2 + 2090*c - 6283. Give x(415).
-58
Let q(h) = -h**3 - 196*h**2 - 150*h - 29343. Determine q(-196).
57
Let m(o) = -2175*o**2 + 13054*o - 32. What is m(6)?
-8
Let m(t) = -3523*t + 70449. Determine m(20).
-11
Let a(d) = -9*d**3 - 516*d**2 + 309*d - 2268. Calculate a(-58).
-6
Let m(a) = -a**3 + 10*a**2 + 26*a + 39. Determine m(9).
354
Let i(d) = d**3 - 581*d**2 + 14956*d + 1107. Calculate i(554).
-1
Let a(j) = 72*j**2 + 3957*j - 129. What is a(-55)?
36
Let j(v) = -2*v**3 - 855*v**2 + 419*v - 3791. What is j(-428)?
61
Let o(s) = -92*s**3 - 2025*s**2 - 29*s - 171. Determine o(-22).
-17
Let q(n) = 13046*n + 91160. What is q(-7)?
-162
Let r(z) = 2*z**2 + 10*z - 6620. What is r(55)?
-20
Let o(c) = 2*c**2 - 18328*c - 18576567. What is o(-921)?
3
Let h(o) = 173*o**2 + 22099*o - 5777. Determine h(-128).
-17
Let p(d) = 130*d**2 - 2857*d - 126. Give p(23).
2933
Let z(g) = g**3 - 27*g**2 - 74*g - 472. Give z(30).
8
Let m(k) = -11956*k - 21475. What is m(-2)?
2437
Let a(z) = -39*z**3 - 471*z**2 - 31*z + 60. Give a(-12).
0
Let u(i) = 9*i**2 - 112*i - 158. Give u(14).
38
Let j(p) = 4*p**3 - 4*p**2 - 58*p - 402. Calculate j(8).
926
Let d(v) = v**2 + 985*v + 35991. What is d(-38)?
5
Let y(z) = 12*z**2 - 125*z - 127. What is y(9)?
-280
Let o(j) = -j**2 - 365*j - 10404. Determine o(-32).
252
Let i(y) = -y**3 + 58*y**2 - 70*y - 2346. What is i(56)?
6
Let l(u) = -14*u**2 - 304*u + 927. What is l(3)?
-111
Let c(z) = -133*z - 180. Calculate c(-6).
618
Let a(r) = 2*r**3 - 49*r**2 + 301*r - 117. Calculate a(12).
-105
Let x(k) = k**3 - 66*k**2 - 216*k + 1812. Give x(69).
1191
Let l(j) = -46*j**2 + 334*j + 62. Calculate l(9).
-658
Let b(x) = 15*x**2 - 17760*x - 397975. Determine b(-22).
5
Let n(j) = -3*j**2 - 643*j - 1245. Calculate n(-2).
29
Let i(r) = r**3 + 114*r**2 - 348*r - 305. Calculate i(-117).
-656
Let s(n) = -n**3 - 1077*n**2 + 7593*n - 43. What is s(7)?
-8
Let n(b) = b**3 - 190*b**2 + 2121*b + 2055. Determine n(178).
-615
Let v(x) = -x**3 + 25*x**2 - 365*x + 10089. What is v(26)?
-77
Let r(j) = 3716*j + 776781. Calculate r(-209).
137
Let o(r) = 83*r**3 - 73*r**2 + 20*r - 3. Calculate o(-1).
-179
Let f(y) = 20*y**2 + 537*y + 663. What is f(-8)?
-2353
Let i(w) = -2*w**3 - 297*w**2 - 141*w - 1830. Determine i(-148).
-2866
Let g(m) = 4*m**3 + 317*m**2 + 1654*m + 849. Calculate g(-5).
4
Let q(c) = -c**2 + 36*c + 9245. Determine q(116).
-35
Let p(k) = -30*k**2 + 645*k - 2940. Determine p(15).
-15
Let c(y) = y**3 + 218*y**2 - 9338*y - 49281. Determine c(-254).
-5
Let a(j) = -3*j**3 - 18*j**2 + 75*j - 5. What is a(9)?
-2975
Let x(m) = -10*m**2 + 29*m + 153. Give x(6).
-33
Let j(o) = -139*o + 31082. Determine j(247).
-3251
Let x(q) = -q**2 + 114*q - 665. What is x(44)?
2415
Let z(c) = -c**2 + 387*c - 29419. Determine z(282).
191
Let t(r) = -547*r + 3757. What is t(3)?
2116
Let k(d) = 17*d**3 - 10*d**2 - 10*d - 2. Determine k(-1).
-19
Let s(a) = -a**3 - 251*a**2 - 32239*a - 7997240. What is s(-250)?
10
Let l(p) = -2*p**3 - 86*p**2 + 182*p + 183. Give l(-45).
93
Let z(o) = o**2 + 379*o + 6569. Give z(-18).
71
Let f(h) = h**2 + 68*h + 1653. What is f(-35)?
498
Let u(l) = 47*l - 6594. Determine u(123).
-813
Let c(t) = 3018*t + 66605. Calculate c(-22).
209
Let i(n) = n**3 + 39*n**2 + 351*n + 473. Calculate i(-26).
135
Let n(q) = 80*q**2 - 452*q + 524. Give n(4).
-4
Let o(y) = -y**2 + 543*y + 25750. Determine o(-47).
-1980
Let g(k) = 74*k**2 + 4362*k + 38884. What is g(-48)?
4
Let b(x) = x**3 + 7*x**2 - 110*x + 172. Calculate b(-15).
22
Let a(l) = -1963*l - 873469. What is a(-445)?
66
Let z(q) = -q**3 - 19*q**2 + 28366*q + 510916. Calculate z(-18).
4
Let g(t) = t**3 + 281*t**2 - 2724*t + 54180. Calculate g(-291).
54
Let p(s) = -s**3 - 35*s**2 + 5953*s + 43047. Give p(-7).
4
Let l(m) = 2*m**3 + 18*m**2 - 117*m + 46. Determine l(5).
161
Let p(k) = -k**2 + 16962*k - 25796098. Give p(1689).
-1
Let i(k) = 3096*k - 52311. Give i(17).
321
Let o(n) = 10540*n - 5333239. Give o(506).
1
Let m(b) = -b**2 + 588*b + 32847. What is m(-49)?
1634
Let u(c) = -68*c**2 - 12124*c - 3563. Determine u(-178).
-3
Let t(b) = -227170*b + 681484. What is t(3)?
-26
Let l(s) = 2*s**3 + 977*s**2 - 1261*s + 102749. Calculate l(-490).
339
Let l(o) = -o**2 - 4945*o + 3976894. What is l(704)?
-2
Let d(m) = -106224*m - 637362. Calculate d(-6).
-18
Let n(u) = -15*u**2 + 227*u - 688. Calculate n(3).
-142
Let n(f) = -2*f**3 - 41*f**2 - 153*f - 3508. Give n(-21).
146
Let s(a) = 444*a - 10518. Calculate s(24).
138
Let t(i) = 2*i**3 + 17*i**2 + 521*i + 4756. Give t(-9).
-14
Let j(c) = c**2 + 1058*c - 171763. Give j(143).
-20
Let x(w) = 398*w - 11768. Determine x(30).
172
Let o(f) = 4*f**3 - 28*f**2 - 34*f + 136. Determine o(-3).
-122
Let g(q) = 293017*q - 4395261. What is g(15)?
-6
Let c(b) = -4*b**2 - 486*b + 1616. Determine c(-125).
-134
Let s(q) = q**2 - 223063*q + 4683878. Calculate s(21).
-4
Let t(c) = -5823*c - 75765. Calculate t(-13).
-66
Let f(w) = 12175216*w - 109576951. Determine f(9).
-7
Let v(n) = -19*n**2 - 868*n - 579. Determine v(-45).
6
Let q(p) = 2870*p + 2630. Determine q(-3).
-5980
Let c(v) = 18*v**2 - 805*v - 14396. Give c(-18).
5926
Let m(f) = -4553*f + 31817. Give m(7).
-54
Let k(h) = 237454*h + 1424743. Give k(-6).
19
Let n(c) = 3*c**3 + 942*c**2 - 23*c - 7283. Calculate n(-314).
-61
Let f(a) = -2*a**2 + 2046*a + 18564. What is f(-9)?
-12
Let r(b) = 121*b**2 - 20668*b - 3931. Calculate r(171).
2
Let o(m) = -13*m**2 + 120*m - 713. Give o(7).
-510
Let u(y) = -42*y**2 - 67*y - 54. Calculate u(-5).
-769
Let c(r) = -7*r**3 - 1843*r**2 - 481*r + 11866. Calculate c(-263).
31
Let v(p) = -p**2 + 15666*p + 109656. Calculate v(-7).
-55
Let c(u) = -u**3 + 67*u**2 + 35*u - 210. Give c(-2).
-4
Let y(q) = -4*q**3 - 40*q**2 + 340*q + 1647. What is y(-14)?
23
Let s(d) = d**3